 - -4) + 9).
-5
Calculate -6 + 2 - (5 - 5) - -4.
0
What is (-6 - -2) + 4 - 5?
-5
Calculate 2 + 3 + (41 - 42).
4
Calculate 10 + (-4 - -5 - 4).
7
What is (-6 - ((10 - 6) + -3)) + -3?
-10
What is -2 + 0 + (3 - 1)?
0
Evaluate 1 + -5 + -2 + 4 - -2.
0
Calculate (4 - (2 + 0 - 0)) + -4.
-2
Evaluate (-8 + 1 - -10) + 1.
4
Calculate -1 + (0 - ((4 - 2) + 0)).
-3
Evaluate 1 + -5 + (5 + -10 - -5).
-4
What is -1 + -6 + (-5 - -4 - -4)?
-4
Calculate -1 - (1 + -4 + 4 + 1).
-3
What is the value of -4 - (5 + -10 + 6)?
-5
5 - (-10 - -15) - (0 + 0)
0
Calculate -1 - 6 - (-15 - -11) - -9.
6
What is 0 + (0 - -6) + (1 - 3)?
4
(2 - 1) + 9 - (11 + -9)
8
What is the value of (5 + -4 - 6) + -9 + 7?
-7
What is (0 + 1 - 1) + (-14 - -13)?
-1
Calculate (2 - 10) + -3 + 11.
0
What is the value of 6 - (4 + -4) - 1?
5
4 + -12 + (0 - -3) - -11
6
Evaluate -1 - (0 - ((0 - 1) + 2)).
0
What is the value of -11 + 11 + 1 + -2 + -3?
-4
What is the value of (-2 - -7) + (-2 - -1) - 4?
0
-13 - -9 - 4 - (1 + -2)
-7
What is the value of 3 + (3 - 1) + -5 + 2?
2
What is the value of (-2 - -16) + -8 - 1?
5
What is -3 - 1 - -2 - -4?
2
What is (1 - 3) + -2 - (-4 + -3)?
3
What is the value of (-7 - -13 - 7) + (-1 - -6)?
4
What is the value of 14 + -6 - 16 - -1?
-7
Evaluate (0 - (4 - 7)) + 6 + -5.
4
Evaluate 21 + -20 + 1 + -4.
-2
What is (-8 - -1) + 7 + -1?
-1
Evaluate 1 + 12 - (55 - 48).
6
Calculate 0 + -3 - 0 - (4 + -3).
-4
Evaluate (-5 - -6 - -3) + -9.
-5
-4 + 15 - (11 - 2)
2
What is (4 - 5) + (-2 - -8) + 0?
5
Evaluate -3 + 3 + -4 + (2 - 1).
-3
Calculate -21 - -21 - (0 + 1 - 5).
4
What is the value of 19 + -10 + -14 + 12?
7
What is 7 + -2 + -5 - 5 - -3?
-2
Evaluate (-11 - -9 - (-6 + -2)) + -5.
1
What is (-12 - -8 - -9) + -2?
3
What is the value of -11 + 13 - (-1 + 0)?
3
What is (-11 - -14) + (-10 - -2)?
-5
What is the value of -9 + 8 - (-3 - 3)?
5
Evaluate (-4 - 1) + (-2 - -10) + -1.
2
Evaluate 1 + (10 - (3 - -3)) + -4.
1
What is -3 - 0 - (-4 + 7 + -8)?
2
What is the value of (-12 - -11) + -8 + 10?
1
(0 - 3) + -14 + 10
-7
-6 + 7 + -5 + (6 - 2)
0
4 + (0 - 5) - (-1 + 3)
-3
Evaluate 3 + (-4 - 1 - -6).
4
Calculate 5 - (-2 + (-4 - -4) - -3).
4
(8 - 8 - 10 - -8) + 3
1
Calculate 1 + (-3 + 18 + 0 - 7).
9
What is -4 - -20 - (-6 + 16)?
6
Evaluate 3 + 2 + 4 + -4 + 0.
5
What is 7 + (1 - -1) - (7 - 5)?
7
Evaluate -1 - (1 - -1 - 7).
4
What is the value of 7 + 5 + -12 + 1?
1
0 + -2 + -3 + 6
1
-6 + (12 - (-5 - -5))
6
(-4 - (8 + -17)) + 3 - 3
5
What is the value of 31 - 28 - (4 + -1)?
0
1 + -2 - (-3 - -3 - 5)
4
Calculate 3 - -1 - (2 + -3 - -4).
1
((0 - -5) + -7 - -9) + -4
3
Evaluate 1 - -10 - (173 - 156).
-6
What is -6 + -3 + 15 + -7?
-1
Evaluate 7 + (-1 - 0 - 4).
2
-3 + -2 + (5 - 6)
-6
Calculate 3 + (5 - (-1 + 5)) + -7.
-3
What is (1 + 2 + -2 - 0) + 2?
3
What is the value of (-3 - 2) + -7 + (9 - -5)?
2
Evaluate -2 - ((2 - 5 - -6) + -5).
0
(9 - (2 - -2)) + (0 - -3)
8
What is the value of -13 + 8 + 4 + -1 + -4?
-6
(-6 - -21) + -13 - -1
3
Calculate 9 + 5 + -17 + 8.
5
What is the value of 8 - 24 - -8 - -2?
-6
What is the value of 4 - 5 - (-1 + 0 - 0)?
0
Evaluate 2 - ((-6 - -4 - -4) + -4).
4
What is the value of -1 + 0 - (-8 - (6 - 10))?
3
Evaluate 26 + -28 + -9 + 3.
-8
Calculate -3 + (-4 - 3) + (3 - -3).
-4
What is 3 - (-6 + (-1 - -9))?
1
What is 0 + (-1 + -6 - -6) + -2?
-3
11 - (6 + (5 - 5))
5
Evaluate 9 + -12 + 19 + -11.
5
What is the value of -2 + 3 + -2 - (9 + -3)?
-7
1 + (-1 - -1 - 3) - -7
5
What is (7 + -15 - -4) + -1?
-5
Evaluate (1 - (6 - 8 - -5)) + 4.
2
Evaluate -6 - (1 + -10 + 2 - -4).
-3
What is 5 + -3 + (1 - 0)?
3
What is (-8 - (-2 + -8)) + 1?
3
3 - 0 - (-1 - -1)
3
Evaluate (2 - 4) + 8 - -5.
11
6 - (-18 + 12 + 11)
1
Evaluate 12 + 2 + -3 + -13 + 10.
8
2 - ((-1 - 0) + (3 - 5))
5
What is (2 + 9 - 1) + -18?
-8
What is the value of 3 - (5 - (2 + 2))?
2
Calculate 1 - (-7 + 17 + -1).
-8
11 + (-20 - 3 - -2)
-10
-15 - (-15 - (-1 + 12))
11
Evaluate -3 + (-1 - 0) + 0.
-4
What is (-1 - -9) + 67 + -75?
0
Evaluate 0 + 2 - 1 - (6 + -1).
-4
-2 - (-2 - -4 - (3 + -5))
-6
Calculate -12 + -8 + 16 - -11.
7
What is the value of (4 - -2) + (-8 + 22 - 12)?
8
Evaluate -2 + -1 - (-107 + 104).
0
Calculate 3 + 8 + (3 - -2) + -20.
-4
4 - 1 - (-11 + 8)
6
Evaluate 4 + (-2 + 12 - 5) + -3.
6
What is -1 - (1 + -1) - (0 + -6)?
5
What is 3 + -2 + (-1 - -4)?
4
Evaluate -5 - -6 - (7 + (2 - 4)).
-4
Calculate -8 - (-7 - -2) - -5.
2
Calculate -4 - (1 + -6 - 2).
3
What is (-16 - (-11 + 3) - -5) + 3?
0
Evaluate 1 - 3 - -7 - (4 - -1).
0
2 - (-5 + 0) - 4
3
What is (-8 - (-3 - 1)) + 8?
4
6 - ((7 - -6) + -3)
-4
(-5 - (-2 + (-8 - -2))) + -4
-1
What is the value of 8 + -15 + 3 - (-2 + -6)?
4
0 + 2 + 0 + -5
-3
Calculate -1 - -1 - (-28 + 23).
5
Calculate 9 + -8 - (0 + 1 + -1).
1
What is the value of (4 - (2 - 5)) + -2?
5
1 + 4 + (-25 - -14)
-6
Evaluate -3 - ((-2 - 2) + -3).
4
What is 4 + -4 - (-5 - -5) - -4?
4
What is the value of 2 + 0 - (-19 + 25)?
-4
-45 - -38 - ((-3 - -2) + -9)
3
Evaluate (-6 - 1 - -2) + -11 + 16.
0
Calculate 16 - 9 - (1 - -11).
-5
Evaluate -5 + 4 + -2 + 0.
-3
Calculate (0 - 2) + (5 - 1).
2
What is the value of -1 + 3 + 4 + -6?
0
8 + 3 + -1 + (-2 - 4)
4
7 + -2 + -3 - (-14 - -9)
7
Calculate -5 - 2 - (-2 - -4 - 4).
-5
Evaluate -7 - ((7 - 2) + -19 + 7).
0
What is the value of -3 + (-7 + 3 - -5)?
-2
Evaluate -15 + 13 + 3 + 3 + 1.
5
-2 + 8 - (15 - 2)
-7
What is 30 + (-25 - -13) - 12?
6
What is -4 - (4 - 4 - 4)?
0
What is (3 - (-4 + 2)) + -3 - -2?
4
What is (1 - 4) + (-1 - -2)?
-2
What is (-20 - -14) + 7 - (2 - -1)?
-2
What is -5 + (5 - (-2 + (-4 - -12)))?
-6
(-6 - 0 - 1) + 6
-1
Calculate (-16 - -17) + (4 - 0) - 0.
5
Evaluate 16 - (0 - -9) - 6.
1
What is the value of -1 + (3 - -1) + 1 - 0?
4
-1 - (3 - -2 - (9 + -5))
-2
Evaluate -1 + 2 - 5 - -2.
-2
Calculate 3 + (4 + -6 - -3).
4
Calculate 3 + (-3 - 0 - 1) + 6.
5
What is the value of (-7 - 4 - -4) + 11?
4
Evaluate 6 - (9 + (-5 - -2)).
0
-9 + 19 + (-15 - -5)
0
(12 - 2) + (-10 - (0 + -7))
7
47 + -34 - (4 - -4)
5
What is the value of -1 + (-3 + (-2 - -4) - 2)?
-4
What is the value of (5 - (-3 + 13)) + 7?
2
-2 - (-2 - 0) - (3 - 6)
3
Evaluate 4 + 4 - (5 - 0).
3
Evaluate 0 - 4 - (3 - 7).
0
What is the value of 22 - 32 - (0 - 7)?
-3
Evaluate (-16 + 14 - -9) + 1 + -3.
5
Calculate 1 + -6 + 3 + 4.
2
Evaluate -1 + 9 - (46 + -41).
3
What is the value of -5 + (2 - (4 + -4 + 0))?
-3
What is the value of -10 + 13 + -1 + -8?
-6
Evaluate -1 + -4 + 1 + 97 + -95.
-2
-8 - (6 + (0 - 7))
-7
Evaluate -209 + 188 + (14 - 1).
-8
What is the value of 0 + -1 - (0 + 1)?
-2
Evaluate (0 - -5 - (-20 - -24)) + -2.
-1
4 + -6 - -1 - -3 - 6
-4
What is (-11 - 1) + (-6 + -6 - -18)?
-6
What is the value of 5 + (1 - 3) - 11?
-8
What is the value of (-7 - -5) + (4 - 2)?
0
What is the value of 3 - 4 - (1 - 1)?
-1
Evaluate (7 - 2) + -1 + (3 - 2).
5
What is -1 + (-8 + -3 + 4 - -14)?
6
Calculate 4 - (8 + -8 - 1).
5
Evaluate (8 - 3) + 4 + -2.
7
4 + -2 - (2 + 2 - 1)
-1
38 - 43 - (-5 - 0)
0
Calculate (5 - 1) + -6 + 0 - -4.
2
10 - (-4 + (12 - -11))
-9
-3 + -1 - (-3 + 9 + -12)
2
What is the value of -2 - (-3 + -1 - (-2 - 8))?
-8
0 - (-1 + -2 + 1 + -3)
5
Calculate 1 + (-9 + -5 + 9 - -4).
0
Evaluate (-5 - -1) + 3 + 2.
1
What is the value of 4 + 6 + 1 + -10?
1
Evaluate (-4 + 9 - 7) + 5 - 1.
2
What is 3 + -6 + 2 + 2 - 1?
0
(-26 - -8) + (33 - 21)
-6
Evaluate -4 + (-3 - (-1 + 4 - 12)).
2
What is the value of 10 + (-3 - (-1 + 3))?
5
4 - 8 - (1 + -9 + -4)
8
What is 11 + (5 - 9 - (0 + -4))?
11
1 + (3 + -4 + -1 - 2)
-3
-3 - (3 - (5 + 5))
4
Calculate 88 + -93 - (-4 - -1).
-2
Evaluate -4 + 3 + 4 - 6.
-3
What is 0 - (4 + -2) - 1?
-3
13 - 23 - (4 + -8 + -2)
-4
Calculate -5 - ((6 - 13) + 1).
1
-4 - (4 + -6 + -5)
3
Calculate -3 + -1 + (4 + -2 - 2).
-4
Calculate 0 + -1 + -4 + -2.
-7
What is 11 + (-9 - -3) + (11 - 7)?
9
Evaluate (5 - (15 + -7)) + 2.
-1
1 + 10 - (9 - 8)
10
Evaluate -2 + 3 + (-2 - -1).
0
Calculate -139 + 143 + -2 + -1.
1
What is (-1 - (1 - -1)) + 6?
3
What is 6 + -1 + 0 + 3 + -9?
-1
Calculate -5 - -4 - (-6 + 14).
-9
What is the value of 0 + 0 + -2 + 6?
4
What is the value of 25 - 28 - (-3 + 1)?
-1
Calculate -1 + -4 + -9 + -3 + 7.
-10
Calculate (1 - (-1 - 0)) + -1 + 3.
4
What is 9 + (-4 - -6) - 6?
5
-1 + (2 - 5) + 2 + 3
1
6 + (-7 - -9) + (1 - 2)
7
What is -4 + (5 + 0 - -4)?
5
Evaluate -4 - (-7 + 7) - -2.
-2
What is -1 + (3 + -2 + 0 - 1)?
-1